2 - 64*h**2 - 28. Determine w(-5).
11
Let i(n) = 2*n**2 + 2*n - 1. Let y(q) = -q**2 - 2*q + 5. Let k(g) = i(g) + y(g). Let p = -24 + 27. Suppose -p*z + 4*z = -3. Determine k(z).
13
Let a(i) = -6*i + 175. Let d(m) = m**3 - 83*m**2 + 912*m - 111. Let j be d(70). Determine a(j).
1
Let j(o) = 6*o**3 + 2. Let z(w) = -73*w**3 - 8*w**2 - 18. Let t(g) = 12*j(g) + z(g). Let b = 10 + -18. Give t(b).
6
Let r(j) = -236*j**2 + 90*j**2 + 5 + 2 + 77*j**2 - 84*j + 83*j**2. What is r(6)?
7
Let c(q) be the first derivative of q**4/2 + 17*q**3/3 + 7*q**2/2 - 4*q + 573. What is c(-8)?
4
Let h(v) = 2*v + 1 - 3*v - 4*v**2 - 3. Let r(b) = -7*b - 208. Let c be r(-32). Suppose 789*y - 781*y - c = 0. Give h(y).
-20
Let h(k) = 19*k**3 - k**2 + k + 1. Suppose -224 + 236 = 4*c. Suppose v = r - 5, -8 = -c*v - v - 3*r. Calculate h(v).
-20
Let f(m) = -12*m - 101. Suppose -66 + 48 = 11*s + 70. What is f(s)?
-5
Let v = 7 - 1. Let x be (2 - -1)*20/v. Let o(b) = -6*b - 4*b - b**3 + 525 - 533 + 11*b**2. What is o(x)?
-8
Let g(p) = -2*p - 19. Let z(f) = f**2 - 9*f - 18. Let j be z(8). Let x be (-13)/j + (-50)/4. Calculate g(x).
5
Let o(m) = 4*m**3 - 5 + 15*m - 338406*m**2 - 3*m**3 - 35*m + 338405*m**2. Give o(5).
-5
Let u(z) be the first derivative of z**2 - 9*z + 112. Let v(g) = -g - 5. Let n(a) = u(a) - 2*v(a). Give n(2).
9
Let m = -10313 + 10315. Let x(z) be the first derivative of 3*z**3 - 2*z**2 + 3*z + 1. Calculate x(m).
31
Let q(f) = -2*f**2 - 3*f - 1. Let l be (-1)/(-2) - (-85)/20*-2. Let r be ((-66)/l)/(-3) - (-12)/16. Determine q(r).
-3
Let f(u) = -26 - u**2 - u**2 + u + 25. Let v be (-4 - 1)/(12 + -13). Suppose 3*j = 2*i + 2*j - 7, 25 = 5*i - v*j. What is f(i)?
-7
Suppose 5*g + 8 + 22 = 0. Let v(m) = -4*m**3 - 8*m**2 + 9*m + 1. Let t(f) = f**3 + f**2 - f - 1. Suppose -4*i - 2 = 2. Let y(n) = i*v(n) - 3*t(n). What is y(g)?
2
Let q = -8 - 1. Let u(g) = g**3 + 10*g**2 + 7*g - 18. Let w be u(q). Let m(f) = -f**2 + w*f + 7*f**2 + 4*f - 7*f**2. What is m(2)?
4
Suppose 0 = 9*j - 73 - 35. Let c be (j/(-20))/((-27)/180). Let k(h) = -4 - 2*h**2 - 3*h**2 + h**3 + 0*h**3. Give k(c).
-20
Let v(s) = -s - 1. Suppose n - 14 = w, 4*w + 7 = n + 2. Suppose -5*u = d, -3*d - 4*u + n = 6. Give v(d).
-6
Let x(d) be the second derivative of d**5/20 - 11*d**4/12 - 11*d**3/6 - 15*d**2/2 + d. Let p be (153/(-297) - (-2)/11)*-36. What is x(p)?
-3
Let q(a) = -572 + 1697 - a - 564 - 565. Let d be (-16)/3 - (-1)/3. Give q(d).
1
Suppose -383*j = -123*j - 2080. Let p(d) = 17*d + 11. What is p(j)?
147
Let n(o) = -o**2 - 11*o. Let i be n(-8). Suppose i*m = 29*m - 20. Suppose -5*q = 5*j + 15, 2*j = m*q - 0 - 6. Let t(l) = l + 7. Determine t(q).
7
Suppose -3*n + 66 = -p, -11*p + 6*p + 5*n = 250. Let j(w) = 2*w**3 + 83*w**2 - 44*w - 70. What is j(p)?
14
Let c = -712 + 714. Let z(i) = 1. Let b(v) = v + 3. Let p(l) = -b(l) + 3*z(l). What is p(c)?
-2
Suppose 3 = 2*t - 1, t = 4*i - 22. Let k(b) = -b**3 + 4*b**2 + 3*b + 2. Give k(i).
-52
Suppose 1 = -w + 39*m - 43*m, 5*w + 3*m + 5 = 0. Let s(u) = -u**2 - u - 1. Give s(w).
-1
Let l(p) = -6*p - 2 + 4 - 1 + 3. Let w be ((-108)/252 + (-38)/(-56))*20. Calculate l(w).
-26
Let s(i) = -i**3 + 7*i**2 - 5*i - 1. Let g be s(6). Suppose 0 = -0*l + 5*l - 25. Let y(k) = 4*k**2 + 5*k + 163 - 158 - l*k**2 - 2*k. What is y(g)?
-5
Let y(k) = -2*k**2 - 2*k + 11. Let l(m) = -m**2 - m + 5. Let f(q) = 5*l(q) - 2*y(q). Suppose 58 = 6*h - 8. Let i be ((-66)/36)/h*0. Calculate f(i).
3
Let x = -4575 + 4570. Let g(d) = 4*d**3 - 22*d**2 - 4*d - 7. Let t(w) = w**3 - 7*w**2 - w - 2. Let j(y) = -2*g(y) + 7*t(y). What is j(x)?
-5
Let i(a) = -40622*a - 6*a**2 + a**3 + 23 + 40637*a + 18*a**2. What is i(-12)?
-157
Let r be 24/3 + ((-26)/(-13) - (-8)/(-4)). Let m(i) = 2*i**2 + 2*i - 7. What is m(r)?
137
Let p(o) = -5*o**2 - 14*o - 13. Let u(i) = i**2 + i + 1. Let w(r) = -p(r) - 6*u(r). Let j = 1010 - 1004. What is w(j)?
19
Let x(i) be the first derivative of 38 - 3454*i + 3465*i - 2*i**2 + i**2. Give x(4).
3
Let l(m) = -157*m + 4. Let w(k) = 353*k - 7. Let x(o) = 9*l(o) + 4*w(o). Let c = 9 + -4. Determine x(c).
3
Let x(k) be the first derivative of -k**3 - 1. Let n = -9524 - -9525. Give x(n).
-3
Let s(x) = -4*x + 2*x + 5*x**3 - 4*x**3 - 4 - 3*x**2. Let o be -2*(2 + -3) - 8/(-8). Suppose 0 = 5*n + 5*v - 30, -2*n = o*n + 4*v - 28. Give s(n).
4
Let r(z) = -5*z - 3*z + 1 - 7 + 0. Let g(j) = -j**3 - 11*j**2 - 2*j - 26. Let n be g(-11). What is r(n)?
26
Suppose 442 = -52*p - 42*p + 2886. Let g(j) = j**2 - 20*j - 194. Give g(p).
-38
Let b(m) = -18*m**2 - 281*m + 118. Let g be b(-16). Let r(x) = x**3 - 4*x**2 - 6*x - 17. What is r(g)?
19
Let x(o) = 19*o + 1. Suppose -w = 2 - 13. Suppose -13*j - 10*j = -4*j. Suppose j = 2*g - s - 3*s + 22, 0 = -4*g - 3*s + w. Determine x(g).
-18
Let t(u) be the second derivative of -u**6/360 + u**5/20 + 20*u**4/3 + 37*u. Let i(p) be the third derivative of t(p). What is i(7)?
-8
Let o(x) = -6*x**2 - 3 - 4*x + 5*x**2 + 0. Let k = -19 + 61. Suppose 6*v = -8*v - k. Give o(v).
0
Let w be (-21)/(-6) - (-117)/234. Let v(a) = 3*a - 6. Let m be v(4). Suppose -3*q - m = -w*q. Let y(l) = -l**2 + 9*l - 5. What is y(q)?
13
Let i = -118 - -120. Suppose -i*c = -2*b + 4, -2 = -2*b - 2*c + 6*c. Let u(s) = -s**3 + s**2 + 3. What is u(b)?
-15
Suppose 0 = 19*o - 6637 - 2445. Let f = 474 - o. Let k(j) = j + 4. Determine k(f).
0
Let j(w) be the third derivative of w**5/60 + 17*w**4/24 - 11*w**3 + 228*w**2 + 2. Give j(-20).
-6
Suppose j = -2*j - 36. Suppose 56 = 22*f + 6*f. Let q(w) = -4*w + 4 - 4*w**2 - 8*w + 4*w**2 + 0*w**f - w**2. Determine q(j).
4
Let b(d) = d**2 + 21*d - 47. Let q be -23*(225/(-90))/((-15)/6). Determine b(q).
-1
Let b be 23/253 - 130/(-22). Let h(t) = 57*t + b - 64*t - t**2 - 5. Give h(-8).
-7
Let i(l) = l**3 + 15*l**2 - 19*l - 50. Suppose 39*u + 1232 = 608. Give i(u).
-2
Let b(y) = -5*y**2 - 13*y + 20. Let s(c) = 2*c**2 + 4*c - 7. Let i be (-62)/(-8) - (-4)/16. Let h(o) = i*s(o) + 3*b(o). Suppose -9*p - 7*p = -96. Give h(p).
-2
Let i = 245 - 238. Let s(j) = -5*j**3 - 3*j**2 - 14*j - 17. Let g(v) = -3*v**3 - v**2 - 7*v - 9. Let x(z) = i*g(z) - 4*s(z). Determine x(6).
11
Let h(k) = 8*k**2 + 29*k + 9. Let t(y) = -7*y**2 - 26*y - 11. Let b(l) = -6*h(l) - 7*t(l). What is b(-5)?
8
Let l(d) = -6*d**2 + 29*d - 10. Let r be 0/(6*1/(-3)) + (-2 - -6). What is l(r)?
10
Let a(h) = -3*h**3 - 3*h**2 - h - 2. Let m be (6*10/120 + (-3)/3)*6. Determine a(m).
55
Let z(y) = 5*y - 56. Let f = 5442 + -5431. Give z(f).
-1
Let y = 17932 - 17910. Let s(g) = -g**3 + 20*g**2 + 47*g - 65. Calculate s(y).
1
Let w(b) = 40 + 20*b**2 - 15*b**2 - 86 + 39 - b - b**3 - 3*b. Give w(4).
-7
Let v(z) = -z**3 - z**2 + 5*z - 2. Let h = 5502 + -5504. What is v(h)?
-8
Let q(k) = k**3 - 7*k**2 - 9*k + 5. Suppose -4*g = x + 491, 12*x - 14*x = -5*g + 995. Let b = -487 - x. Give q(b).
-3
Let f(o) = -39*o + 77. Let q(b) = 95*b - 159. Let s(p) = -9*f(p) - 4*q(p). Determine s(-4).
59
Suppose -2*t - 16 + 22 = 0. Let i(y) = -6*y**3 - y**3 + t + 2*y - 8*y**3 - 4 + 21*y**3. What is i(1)?
7
Let b(y) = 4*y**2 + 21*y - 8. Let n be b(15). Let q(j) = -1206*j**2 + 3 + 7*j + n*j**2 + 5 - 2. Calculate q(-8).
14
Let t(a) be the second derivative of -1/4*a**4 - 34*a - 5/6*a**3 + a**2 + 0 + 1/20*a**5. Determine t(3).
-13
Let u(h) = -2*h - 42. Let r = -735 + 719. Calculate u(r).
-10
Let o be -2 - 6 - ((270/(-6))/5 - -4). Let u(a) = -a**3 - 2*a**2 - 8*a - 3. Give u(o).
30
Let d(i) = 4*i - 3. Let t(x) = 4*x - 28. Let n be t(13). Let b = -20 + n. Let k be 150/(-22) + 2 + b/(-22). Determine d(k).
-23
Let i(c) be the third derivative of -19/24*c**4 + 0 - 1/6*c**3 + 0*c - 7*c**2. Suppose q = 2*q + 1. Calculate i(q).
18
Let c(h) = -h - 5. Let a be (96/(-20))/(-8) - (-1360)/(-100). What is c(a)?
8
Let y(g) = 1066*g + 7457. Let d be y(-7). Let z(l) = l**3 + 7*l**2 + 9*l - 8. Give z(d).
-3
Suppose -2*f - 199 = -2*r - 5*f, 0 = -3*r - 4*f + 300. Suppose -r - 43 = -3*u. Let k(n) = -2*n + u + 4*n - 63. What is k(10)?
6
Let c = 929 + -2693. Let l be (-7)/4 - c/(-336). Let t(w) = w**2 + 12*w + 29. Calculate t(l).
-6
Let q be (2/4 - (-169)/(-26)) + 21*-2. Let k(h) = -17*h - 808. Give k(q).
8
Let a(y) = -y**2 - 15*y - 9. Suppose 3*m + 49 - 72 = t, 8 = 4*m. Determine a(t).
-43
Let n be 9/(-4)*(-12 + 16). Let s be (1 - 0)/(n/(-306)). Let q(r) = -10 + 